{"id":28,"date":"2021-08-30T13:52:29","date_gmt":"2021-08-30T11:52:29","guid":{"rendered":"https:\/\/www.sizimmermann.de\/arsreginae\/?page_id=28"},"modified":"2021-09-24T11:03:39","modified_gmt":"2021-09-24T09:03:39","slug":"ars-reginae","status":"publish","type":"page","link":"https:\/\/www.sizimmermann.de\/arsreginae\/","title":{"rendered":"ars reginae"},"content":{"rendered":"\r\n<h2 class=\"wp-block-heading\">Elisabeth * Carmen Sylva (1843-1916) &amp; Marie (1875-1938)<\/h2>\r\n\r\n\r\n\r\n<h2 class=\"wp-block-heading\"><a href=\"https:\/\/www.sizimmermann.de\/arsreginae\/writing-queens\">The Writing Queens of Romania <\/a><\/h2>\r\n\r\n\r\n\r\n<h2 class=\"has-text-align-right wp-block-heading\"><a href=\"https:\/\/www.sizimmermann.de\/arsreginae\/reginele-scriitoare\">Reginele scriitoare ale Rom\u00e2niei<\/a><\/h2>\r\n\r\n\r\n<hr class=\"wp-block-separator\" \/>\r\n\r\n\r\n<p>Literature \/ Literatur\u0103:<\/p>\r\n\r\n\r\n\r\n<p><strong>The Child of the Sun: Royal Fairy Tales and Essays by the Queens of Romania, Elisabeth (Carmen Sylva, 1843-1916) and Marie (1875-1938)<\/strong>. Selected and edited, with an introduction and bibliography by Silvia Irina Zimmermann. [Series of the Research Center Carmen Sylva &#8211; Princely Archive of Wied, vol. 9], 315 pages, 54 illustrations (7 colored), Stuttgart: ibidem-Verlag (Ibidem Press), 2020, 315 pages, 54 illustrations (7 colored), ISBN-13: 978-3-8382-1393-4.<\/p>\r\n\r\n\r\n\r\n<p><a href=\"https:\/\/www.sizimmermann.de\/buch\/writing-queens-romania.htm\" target=\"_blank\" rel=\"noreferrer noopener\">https:\/\/www.sizimmermann.de\/buch\/writing-queens-romania.htm<\/a><\/p>\r\n\r\n\r\n\r\n<p><strong><em>Reginele scriitoare ale Rom\u00e2niei, Elisabeta (Carmen Sylva) \u015fi Maria<\/em><\/strong>. Edi\u0163ie \u00eengrijit\u0103, introducere, note \u015fi bibliografie de Silvia Irina Zimmermann. Colec\u0163ia &#8220;Istorie cu blazon&#8221;, Bucure\u015fti: Editura Corint, 2021, 400 pagini, ISBN 978-606-793-964-4.<\/p>\r\n\r\n\r\n\r\n<p><a href=\"https:\/\/www.sizimmermann.de\/buch\/reginele-scriitoare.htm\">https:\/\/www.sizimmermann.de\/buch\/reginele-scriitoare.htm<\/a><\/p>\r\n<p><img loading=\"lazy\" decoding=\"async\" class=\"alignnone wp-image-137 size-large\" src=\"https:\/\/www.sizimmermann.de\/arsreginae\/wp-content\/uploads\/2021\/09\/fscsfwa09b-1024x671.jpg\" alt=\"\" width=\"950\" height=\"623\" srcset=\"https:\/\/www.sizimmermann.de\/arsreginae\/wp-content\/uploads\/2021\/09\/fscsfwa09b-1024x671.jpg 1024w, https:\/\/www.sizimmermann.de\/arsreginae\/wp-content\/uploads\/2021\/09\/fscsfwa09b-300x197.jpg 300w, https:\/\/www.sizimmermann.de\/arsreginae\/wp-content\/uploads\/2021\/09\/fscsfwa09b-768x503.jpg 768w, https:\/\/www.sizimmermann.de\/arsreginae\/wp-content\/uploads\/2021\/09\/fscsfwa09b-1536x1007.jpg 1536w, https:\/\/www.sizimmermann.de\/arsreginae\/wp-content\/uploads\/2021\/09\/fscsfwa09b.jpg 1582w\" sizes=\"auto, (max-width: 950px) 100vw, 950px\" \/> <img loading=\"lazy\" decoding=\"async\" class=\"alignnone wp-image-132 size-large\" src=\"https:\/\/www.sizimmermann.de\/arsreginae\/wp-content\/uploads\/2021\/09\/reginele-scriitoare2-1024x512.jpg\" alt=\"\" width=\"950\" height=\"475\" srcset=\"https:\/\/www.sizimmermann.de\/arsreginae\/wp-content\/uploads\/2021\/09\/reginele-scriitoare2-1024x512.jpg 1024w, https:\/\/www.sizimmermann.de\/arsreginae\/wp-content\/uploads\/2021\/09\/reginele-scriitoare2-300x150.jpg 300w, https:\/\/www.sizimmermann.de\/arsreginae\/wp-content\/uploads\/2021\/09\/reginele-scriitoare2-768x384.jpg 768w, https:\/\/www.sizimmermann.de\/arsreginae\/wp-content\/uploads\/2021\/09\/reginele-scriitoare2-1536x767.jpg 1536w, https:\/\/www.sizimmermann.de\/arsreginae\/wp-content\/uploads\/2021\/09\/reginele-scriitoare2-2048x1023.jpg 2048w, https:\/\/www.sizimmermann.de\/arsreginae\/wp-content\/uploads\/2021\/09\/reginele-scriitoare2-2000x999.jpg 2000w, https:\/\/www.sizimmermann.de\/arsreginae\/wp-content\/uploads\/2021\/09\/reginele-scriitoare2-1800x899.jpg 1800w\" sizes=\"auto, (max-width: 950px) 100vw, 950px\" \/><\/p>\r\n<p><iframe loading=\"lazy\" title=\"YouTube video player\" src=\"https:\/\/www.youtube.com\/embed\/ee8TyDXe5Wg\" width=\"560\" height=\"315\" frameborder=\"0\" allowfullscreen=\"allowfullscreen\"><\/iframe><\/p>\r\n<p><iframe loading=\"lazy\" width=\"560\" height=\"315\" src=\"https:\/\/www.youtube.com\/embed\/C_fpxnl4Lhc\" title=\"YouTube video player\" frameborder=\"0\" allow=\"accelerometer; autoplay; clipboard-write; encrypted-media; gyroscope; picture-in-picture\" allowfullscreen><\/iframe><\/p>\r\n\r\n\r\n<hr class=\"wp-block-separator\" \/>\r\n\r\n\r\n\r\n\r\n<p>This blog is an additional offer to the published books of the author and editor: \u00a0\/ Acest blog este o ofert\u0103 suplimentar\u0103 la c\u0103r\u0163ile publicate de autoarea \u015fi editoarea:\/ Dieser Blog ist ein Begleitangebot zu den Buchver\u00f6ffentlichungen der Autorin und Herausgeberin:<\/p>\r\n\r\n\r\n\r\n<p><a href=\"https:\/\/www.sizimmermann.de\" target=\"_blank\" rel=\"noreferrer noopener\">Dr. phil. Silvia Irina Zimmermann<\/a><\/p>\r\n\r\n\r\n\r\n<p><strong><strong>Books\/ C\u0103r\u0163i\/ B\u00fccher<\/strong><\/strong>: <a href=\"https:\/\/www.sizimmermann.de\/buch.htm\" target=\"_blank\" rel=\"noreferrer noopener\">https:\/\/www.sizimmermann.de\/buch.htm<\/a><\/p>\r\n\r\n\r\n\r\n<p><strong>Contact: <\/strong>siz [@] sizimmermann.de<\/p>\r\n\r\n\r\n\r\n<p><strong>Disclaimer <\/strong><\/p>\r\n\r\n\r\n\r\n<p><strong>EN:<\/strong> All content of this weblog (texts, images, and translations) are protected by copyright. The use and reproduction(of texts, images, transslations are only permitted with written consent of the author. For all contents resulting of the use of the linked websites, only the provider of these linked websites can be held liable.<\/p>\r\n\r\n\r\n\r\n<p><strong>RO:<\/strong> Toate drepturile pentru articolele \u015fi imaginile publicate \u00een acest blog sunt rezervate autoarei blogului. Nu este permis\u0103 copierea, distribuirea, difuzarea, decompilarea sau utilizarea \u00een alt mod \u0219i \/ sau v\u00e2nzarea \/ \u00eenchirierea materialelor f\u0103r\u0103 permisiunea prealabil\u0103 scris\u0103 a autoarei blogului. Autoarea blogului nu este respunz\u0103zoare pentru con\u0163inutul paginilor conectate prin link.<\/p>\r\n\r\n\r\n\r\n<p><strong>DE: <\/strong>Alle in diesem Blog ver\u00f6ffentlichten Beitr\u00e4ge sind urheberrechtlich gesch\u00fctzt; alle Rechte (Texte, Bilder und \u00dcbersetzungen), sind vorbehalten. Reproduktionen sind nur mit schriftlicher Genehmigung der Blog-Autorin gestattet. Die Blog-Autorin ist f\u00fcr die Inhalte fremder Internetseiten, die \u00fcber einen Link erreicht werden, nicht verantwortlich.<\/p>\r\n","protected":false},"excerpt":{"rendered":"<p>Elisabeth * Carmen Sylva (1843-1916) &amp; Marie (1875-1938) The Writing Queens of Romania Reginele scriitoare ale Rom\u00e2niei Literature \/ Literatur\u0103: The Child of the Sun: Royal Fairy Tales and Essays by the Queens of Romania, Elisabeth (Carmen Sylva, 1843-1916) and Marie (1875-1938). Selected and edited, with an introduction and bibliography by Silvia Irina Zimmermann. [Series &hellip; <\/p>\n<p class=\"link-more\"><a href=\"https:\/\/www.sizimmermann.de\/arsreginae\/\" class=\"more-link\">Read more<span class=\"screen-reader-text\"> &#8220;ars reginae&#8221;<\/span><\/a><\/p>\n","protected":false},"author":1,"featured_media":0,"parent":0,"menu_order":0,"comment_status":"closed","ping_status":"closed","template":"","meta":{"footnotes":""},"class_list":["post-28","page","type-page","status-publish","hentry"],"_links":{"self":[{"href":"https:\/\/www.sizimmermann.de\/arsreginae\/wp-json\/wp\/v2\/pages\/28","targetHints":{"allow":["GET"]}}],"collection":[{"href":"https:\/\/www.sizimmermann.de\/arsreginae\/wp-json\/wp\/v2\/pages"}],"about":[{"href":"https:\/\/www.sizimmermann.de\/arsreginae\/wp-json\/wp\/v2\/types\/page"}],"author":[{"embeddable":true,"href":"https:\/\/www.sizimmermann.de\/arsreginae\/wp-json\/wp\/v2\/users\/1"}],"replies":[{"embeddable":true,"href":"https:\/\/www.sizimmermann.de\/arsreginae\/wp-json\/wp\/v2\/comments?post=28"}],"version-history":[{"count":21,"href":"https:\/\/www.sizimmermann.de\/arsreginae\/wp-json\/wp\/v2\/pages\/28\/revisions"}],"predecessor-version":[{"id":166,"href":"https:\/\/www.sizimmermann.de\/arsreginae\/wp-json\/wp\/v2\/pages\/28\/revisions\/166"}],"wp:attachment":[{"href":"https:\/\/www.sizimmermann.de\/arsreginae\/wp-json\/wp\/v2\/media?parent=28"}],"curies":[{"name":"wp","href":"https:\/\/api.w.org\/{rel}","templated":true}]}}